

	{"id":810,"date":"2016-02-25T01:12:11","date_gmt":"2016-02-25T01:12:11","guid":{"rendered":"https:\/\/www.cstuit.com\/home\/?page_id=810"},"modified":"2025-07-13T16:45:00","modified_gmt":"2025-07-13T19:45:00","slug":"jornal-combate-socialista","status":"publish","type":"page","link":"https:\/\/www.cstuit.com\/home\/jornal-combate-socialista\/","title":{"rendered":"Combate Socialista"},"content":{"rendered":"<div id=\"pl-810\"  class=\"panel-layout\" ><div id=\"pg-810-0\"  class=\"panel-grid panel-no-style\" ><div id=\"pgc-810-0-0\"  class=\"panel-grid-cell\" ><div id=\"panel-810-0-0-0\" class=\"so-panel widget widget_sow-editor panel-first-child panel-last-child\" data-index=\"0\" ><div\n\t\t\t\n\t\t\tclass=\"so-widget-sow-editor so-widget-sow-editor-base\"\n\t\t\t\n\t\t>\n<div class=\"siteorigin-widget-tinymce textwidget\">\n\t<p>O <b>Combate Socialista<\/b> \u00e9 uma arma para dar voz \u00e0s lutas dos trabalhadores e setores populares e, mais importante, para servir como uma ferramenta de organiza\u00e7\u00e3o. A classe trabalhadora precisa de uma imprensa que n\u00e3o apenas informe, mas que organize. A imprensa dos patr\u00f5es mente, esconde nossas greves e defende os interesses dos ricos.<\/p>\n<p>Esse \u00e9 o jornal da CST, uma organiza\u00e7\u00e3o pol\u00edtica oper\u00e1ria, trotskista e internacionalista! Seguindo a tradi\u00e7\u00e3o de Nahuel Moreno, entendemos que o jornal \u00e9 o nosso <b>organizador coletivo<\/b>. \u00c9 atrav\u00e9s dele que unificamos nossa pol\u00edtica, levamos nossas an\u00e1lises e propostas para as f\u00e1bricas, escolas, universidades e bairros, e constru\u00edmos a organiza\u00e7\u00e3o.<\/p>\n<p>Com contribui\u00e7\u00f5es de diversas regi\u00f5es do pa\u00eds e de nossos camaradas da Unidade Internacional dos Trabalhadores \u2013 Quarta Internacional, o Combate Socialista \u00e9 uma ferramenta para a a\u00e7\u00e3o. Nossas transmiss\u00f5es no <a href=\"https:\/\/www.youtube.com\/CombateSocialista\">canal no YouTube<\/a> aprofundam os debates que nossos jornais iniciam.<\/p>\n<p>Este jornal n\u00e3o \u00e9 vendido em grandes bancas, mas de m\u00e3o em m\u00e3o, nos atos, piquetes e em cada local de trabalho e estudo. Cada exemplar vendido e cada contribui\u00e7\u00e3o financeira garantem nossa independ\u00eancia dos patr\u00f5es e do Estado.<\/p>\n<p>Por isso, nosso chamado \u00e9 mais que uma leitura: leia, debata, passe adiante e, acima de tudo, organize-se conosco. Construa o Combate Socialista em seu local de trabalho ou estudo<\/p>\n<p>Cada jornal que voc\u00ea adquire \u00e9 um ato de apoio \u00e0 constru\u00e7\u00e3o de uma imprensa independente e de luta. Nossas p\u00e1ginas s\u00e3o mantidas pela contribui\u00e7\u00e3o de quem acredita, como n\u00f3s, na necessidade de se organizar.<\/p>\n<p>Conhe\u00e7a o Combate Socialista. Divulgue nossas ideias. Apoie a imprensa da nossa classe!<\/p>\n<p>.<\/p>\n<\/div>\n<\/div><\/div><\/div><\/div><div id=\"pg-810-1\"  class=\"panel-grid panel-has-style\" ><div class=\"panel-row-style panel-row-style-for-810-1\" ><div id=\"pgc-810-1-0\"  class=\"panel-grid-cell\" ><div id=\"panel-810-1-0-0\" class=\"so-panel widget widget_sow-editor panel-first-child panel-last-child\" data-index=\"1\" ><div class=\"panel-widget-style panel-widget-style-for-810-1-0-0\" ><div\n\t\t\t\n\t\t\tclass=\"so-widget-sow-editor so-widget-sow-editor-base\"\n\t\t\t\n\t\t>\n<div class=\"siteorigin-widget-tinymce textwidget\">\n\t<h4 style=\"text-align: center; color: #fff;\"><strong>Faz um Pix!<\/strong><\/h4>\n<p><\/p>\n<p style=\"text-align: center;\">O <strong>Combate Socialista<\/strong> \u00e9 produzido e distribu\u00eddo de forma militante por trabalhadoras, trabalhadores e estudantes. Seu objetivo \u00e9 servir na organiza\u00e7\u00e3o coletiva dos explorados e oprimidos. Ajude a financiar um jornal oper\u00e1rio, internacionalista e revolucion\u00e1rio!<\/p>\n<p style=\"text-align: center;\"><strong>Chave PIX telefone: 91 98745 6186<\/strong><\/p>\n<\/div>\n<\/div><\/div><\/div><\/div><div id=\"pgc-810-1-1\"  class=\"panel-grid-cell\" ><div id=\"panel-810-1-1-0\" class=\"so-panel widget widget_sow-editor panel-first-child\" data-index=\"2\" ><div class=\"panel-widget-style panel-widget-style-for-810-1-1-0\" ><div\n\t\t\t\n\t\t\tclass=\"so-widget-sow-editor so-widget-sow-editor-base\"\n\t\t\t\n\t\t>\n<div class=\"siteorigin-widget-tinymce textwidget\">\n\t<p><img loading=\"lazy\" decoding=\"async\" class=\"aligncenter size-full wp-image-12589\" src=\"https:\/\/www.cstuit.com\/home\/wp-content\/uploads\/2024\/09\/CombatePix.png\" alt=\"\" width=\"183\" height=\"187\" \/><\/p>\n<\/div>\n<\/div><\/div><\/div><div id=\"panel-810-1-1-1\" class=\"so-panel widget widget_sow-button panel-last-child\" data-index=\"3\" ><div class=\"panel-widget-style panel-widget-style-for-810-1-1-1\" ><div\n\t\t\t\n\t\t\tclass=\"so-widget-sow-button so-widget-sow-button-flat-fec60adfe488-810\"\n\t\t\t\n\t\t><div class=\"ow-button-base ow-button-align-center\"\n>\n\t\t\t<a\n\t\t\t\t\thref=\"https:\/\/www.cstuit.com\/home\/wp-content\/uploads\/2025\/06\/CS-200.pdf\"\n\t\t\t\t\tclass=\"sowb-button ow-icon-placement-left ow-button-hover\" \t>\n\t\t<span>\n\t\t\t<span class=\"sow-icon-fontawesome sow-far\" data-sow-icon=\"&#xf1c1;\"\n\t\tstyle=\"color: #ffffff\" \n\t\taria-hidden=\"true\"><\/span>\n\t\t\tBaixar edi\u00e7\u00e3o n\u00ba 200\t\t<\/span>\n\t\t\t<\/a>\n\t<\/div>\n<\/div><\/div><\/div><\/div><\/div><\/div><div id=\"pg-810-2\"  class=\"panel-grid panel-no-style\" ><div id=\"pgc-810-2-0\"  class=\"panel-grid-cell\" ><div id=\"panel-810-2-0-0\" class=\"so-panel widget widget_blog-style-two panel-first-child panel-last-child\" data-index=\"4\" ><div\n\t\t\t\n\t\t\tclass=\"so-widget-blog-style-two so-widget-blog-style-two-blog-style-two-style-f70b9422c3b0-810\"\n\t\t\t\n\t\t>\r\n    <h3 class=\"widget-title\">\r\n        <span>\u00daltimos editoriais<\/span>\r\n    <\/h3>\r\n\r\n<div class=\"all_main\">\r\n    \r\n        <div class=\"auto_height six columns\">\r\n            <div class=\"blog_two_style clearfix\">\r\n                <div class=\"main\">\r\n                    <div class=\"image\">\r\n                        \r\n                                                                      <a href=\"https:\/\/www.cstuit.com\/home\/2026\/04\/21\/a-saida-e-pela-esquerda\/\"> <img loading=\"lazy\" decoding=\"async\" width=\"443\" height=\"400\" src=\"https:\/\/www.cstuit.com\/home\/wp-content\/uploads\/2026\/04\/WhatsApp-Image-2026-04-21-at-21.20.53-443x400.jpeg\" class=\"attachment-post-thumbnail size-post-thumbnail wp-post-image\" alt=\"\" \/> <\/a>\r\n                                              \r\n                    <\/div>\r\n\r\n                    <div class=\"content clearfix\">\r\n                    \r\n                                                <h4><a href=\"https:\/\/www.cstuit.com\/home\/2026\/04\/21\/a-saida-e-pela-esquerda\/\">A sa\u00edda \u00e9 pela esquerda!<\/a><\/h4>\r\n                          \r\n\r\n                        <div class=\"meta\">\r\n                        by CST | 21 de abril de 2026 | <a href=\"https:\/\/www.cstuit.com\/home\/category\/editorial\/\" rel=\"category tag\">Editorial<\/a>, <a href=\"https:\/\/www.cstuit.com\/home\/category\/nacional\/\" rel=\"category tag\">Nacional<\/a>                        <\/div>\r\n                        <div class=\"border\"><\/div>\r\n                        <a href=\"https:\/\/www.cstuit.com\/home\/2026\/04\/21\/a-saida-e-pela-esquerda\/\">...<\/a>\r\n                        <div class=\"clearfix\"><\/div>\r\n                        <small><a href=\"https:\/\/www.cstuit.com\/home\/2026\/04\/21\/a-saida-e-pela-esquerda\/\">Leia mais<\/a><\/small>\r\n                    <\/div>\r\n                <\/div>\r\n            <\/div>\r\n        <\/div>\r\n\r\n\r\n    \r\n        <div class=\"auto_height six columns\">\r\n            <div class=\"blog_two_style clearfix\">\r\n                <div class=\"main\">\r\n                    <div class=\"image\">\r\n                        \r\n                                                                      <a href=\"https:\/\/www.cstuit.com\/home\/2026\/03\/30\/construir-uma-frente-da-esquerda-independente-combate-socialista-no-213\/\"> <img loading=\"lazy\" decoding=\"async\" width=\"481\" height=\"400\" src=\"https:\/\/www.cstuit.com\/home\/wp-content\/uploads\/2026\/03\/WhatsApp-Image-2026-03-30-at-15.13.02-481x400.jpeg\" class=\"attachment-post-thumbnail size-post-thumbnail wp-post-image\" alt=\"\" \/> <\/a>\r\n                                              \r\n                    <\/div>\r\n\r\n                    <div class=\"content clearfix\">\r\n                    \r\n                                                <h4><a href=\"https:\/\/www.cstuit.com\/home\/2026\/03\/30\/construir-uma-frente-da-esquerda-independente-combate-socialista-no-213\/\">Construir uma frente da esquerda independente  | Combate Socialista N\u00ba 213<\/a><\/h4>\r\n                          \r\n\r\n                        <div class=\"meta\">\r\n                        by CST | 30 de mar\u00e7o de 2026 | <a href=\"https:\/\/www.cstuit.com\/home\/category\/editorial\/\" rel=\"category tag\">Editorial<\/a>                        <\/div>\r\n                        <div class=\"border\"><\/div>\r\n                        <a href=\"https:\/\/www.cstuit.com\/home\/2026\/03\/30\/construir-uma-frente-da-esquerda-independente-combate-socialista-no-213\/\">...<\/a>\r\n                        <div class=\"clearfix\"><\/div>\r\n                        <small><a href=\"https:\/\/www.cstuit.com\/home\/2026\/03\/30\/construir-uma-frente-da-esquerda-independente-combate-socialista-no-213\/\">Leia mais<\/a><\/small>\r\n                    <\/div>\r\n                <\/div>\r\n            <\/div>\r\n        <\/div>\r\n\r\n\r\n    \r\n        <div class=\"auto_height six columns\">\r\n            <div class=\"blog_two_style clearfix\">\r\n                <div class=\"main\">\r\n                    <div class=\"image\">\r\n                        \r\n                                                                      <a href=\"https:\/\/www.cstuit.com\/home\/2025\/11\/29\/apos-a-farsa-da-cop30-lutar-contra-a-catastrofe-ambiental-e-construir-uma-esquerda-independente-combate-socialista-no-210\/\"> <img loading=\"lazy\" decoding=\"async\" width=\"600\" height=\"400\" src=\"https:\/\/www.cstuit.com\/home\/wp-content\/uploads\/2025\/11\/CS-208-600x400.png\" class=\"attachment-post-thumbnail size-post-thumbnail wp-post-image\" alt=\"\" srcset=\"https:\/\/www.cstuit.com\/home\/wp-content\/uploads\/2025\/11\/CS-208-600x400.png 600w, https:\/\/www.cstuit.com\/home\/wp-content\/uploads\/2025\/11\/CS-208-210x140.png 210w, https:\/\/www.cstuit.com\/home\/wp-content\/uploads\/2025\/11\/CS-208-272x182.png 272w, https:\/\/www.cstuit.com\/home\/wp-content\/uploads\/2025\/11\/CS-208-720x480.png 720w\" sizes=\"auto, (max-width: 600px) 100vw, 600px\" \/> <\/a>\r\n                                              \r\n                    <\/div>\r\n\r\n                    <div class=\"content clearfix\">\r\n                    \r\n                                                <h4><a href=\"https:\/\/www.cstuit.com\/home\/2025\/11\/29\/apos-a-farsa-da-cop30-lutar-contra-a-catastrofe-ambiental-e-construir-uma-esquerda-independente-combate-socialista-no-210\/\">Ap\u00f3s a farsa da COP30: Lutar contra a cat\u00e1strofe ambiental e construir uma esquerda independente | Combate Socialista N\u00ba 210<\/a><\/h4>\r\n                          \r\n\r\n                        <div class=\"meta\">\r\n                        by CST | 29 de novembro de 2025 | <a href=\"https:\/\/www.cstuit.com\/home\/category\/editorial\/\" rel=\"category tag\">Editorial<\/a>                        <\/div>\r\n                        <div class=\"border\"><\/div>\r\n                        <a href=\"https:\/\/www.cstuit.com\/home\/2025\/11\/29\/apos-a-farsa-da-cop30-lutar-contra-a-catastrofe-ambiental-e-construir-uma-esquerda-independente-combate-socialista-no-210\/\">...<\/a>\r\n                        <div class=\"clearfix\"><\/div>\r\n                        <small><a href=\"https:\/\/www.cstuit.com\/home\/2025\/11\/29\/apos-a-farsa-da-cop30-lutar-contra-a-catastrofe-ambiental-e-construir-uma-esquerda-independente-combate-socialista-no-210\/\">Leia mais<\/a><\/small>\r\n                    <\/div>\r\n                <\/div>\r\n            <\/div>\r\n        <\/div>\r\n\r\n\r\n    \r\n        <div class=\"auto_height six columns\">\r\n            <div class=\"blog_two_style clearfix\">\r\n                <div class=\"main\">\r\n                    <div class=\"image\">\r\n                        \r\n                                                                      <a href=\"https:\/\/www.cstuit.com\/home\/2025\/11\/17\/combater-a-extrema-direita-nas-ruas-combate-socialista-no-209\/\"> <img loading=\"lazy\" decoding=\"async\" width=\"600\" height=\"400\" src=\"https:\/\/www.cstuit.com\/home\/wp-content\/uploads\/2025\/11\/Mockup-jornal-600x400.png\" class=\"attachment-post-thumbnail size-post-thumbnail wp-post-image\" alt=\"\" srcset=\"https:\/\/www.cstuit.com\/home\/wp-content\/uploads\/2025\/11\/Mockup-jornal-600x400.png 600w, https:\/\/www.cstuit.com\/home\/wp-content\/uploads\/2025\/11\/Mockup-jornal-210x140.png 210w, https:\/\/www.cstuit.com\/home\/wp-content\/uploads\/2025\/11\/Mockup-jornal-272x182.png 272w, https:\/\/www.cstuit.com\/home\/wp-content\/uploads\/2025\/11\/Mockup-jornal-720x480.png 720w\" sizes=\"auto, (max-width: 600px) 100vw, 600px\" \/> <\/a>\r\n                                              \r\n                    <\/div>\r\n\r\n                    <div class=\"content clearfix\">\r\n                    \r\n                                                <h4><a href=\"https:\/\/www.cstuit.com\/home\/2025\/11\/17\/combater-a-extrema-direita-nas-ruas-combate-socialista-no-209\/\">Combater a extrema direita nas ruas | Combate Socialista n\u00ba 209<\/a><\/h4>\r\n                          \r\n\r\n                        <div class=\"meta\">\r\n                        by CST | 17 de novembro de 2025 | <a href=\"https:\/\/www.cstuit.com\/home\/category\/editorial\/\" rel=\"category tag\">Editorial<\/a>                        <\/div>\r\n                        <div class=\"border\"><\/div>\r\n                        <a href=\"https:\/\/www.cstuit.com\/home\/2025\/11\/17\/combater-a-extrema-direita-nas-ruas-combate-socialista-no-209\/\">...<\/a>\r\n                        <div class=\"clearfix\"><\/div>\r\n                        <small><a href=\"https:\/\/www.cstuit.com\/home\/2025\/11\/17\/combater-a-extrema-direita-nas-ruas-combate-socialista-no-209\/\">Leia mais<\/a><\/small>\r\n                    <\/div>\r\n                <\/div>\r\n            <\/div>\r\n        <\/div>\r\n\r\n\r\n    \r\n<\/div>\r\n\r\n<div class=\"clearfix\"><\/div>\r\n<\/div><\/div><\/div><\/div><\/div>","protected":false},"excerpt":{"rendered":"<p>O Combate Socialista \u00e9 uma arma para dar voz \u00e0s lutas dos trabalhadores e setores populares e, mais importante, para servir como uma ferramenta de organiza\u00e7\u00e3o. A classe trabalhadora precisa de uma imprensa que n\u00e3o apenas informe, mas que organize. A imprensa dos patr\u00f5es mente,<\/p>\n","protected":false},"author":1,"featured_media":0,"parent":0,"menu_order":0,"comment_status":"closed","ping_status":"closed","template":"","meta":{"footnotes":""},"class_list":["post-810","page","type-page","status-publish","hentry"],"_links":{"self":[{"href":"https:\/\/www.cstuit.com\/home\/wp-json\/wp\/v2\/pages\/810","targetHints":{"allow":["GET"]}}],"collection":[{"href":"https:\/\/www.cstuit.com\/home\/wp-json\/wp\/v2\/pages"}],"about":[{"href":"https:\/\/www.cstuit.com\/home\/wp-json\/wp\/v2\/types\/page"}],"author":[{"embeddable":true,"href":"https:\/\/www.cstuit.com\/home\/wp-json\/wp\/v2\/users\/1"}],"replies":[{"embeddable":true,"href":"https:\/\/www.cstuit.com\/home\/wp-json\/wp\/v2\/comments?post=810"}],"version-history":[{"count":0,"href":"https:\/\/www.cstuit.com\/home\/wp-json\/wp\/v2\/pages\/810\/revisions"}],"wp:attachment":[{"href":"https:\/\/www.cstuit.com\/home\/wp-json\/wp\/v2\/media?parent=810"}],"curies":[{"name":"wp","href":"https:\/\/api.w.org\/{rel}","templated":true}]}}